*b. What is the remainder when u is divided by 5?
3
Suppose c + 5*w - 16 = -1, c - 4*w = -21. Suppose 2 + 13 = 5*r. What is the remainder when (-52)/(-10) + 1/c is divided by r?
2
Let v(w) = w**3 - 4*w**2 + 4. Let u be v(4). Let l(h) = h**3 - 5*h**2 + 4*h. Let m be l(u). Let q = 3 + m. Calculate the remainder when 6 is divided by q.
0
Suppose -14*y = -y - 260. Calculate the remainder when 71 is divided by y.
11
Suppose -5*l = -15, 5*l - 3 = 3*t + 3. What is the remainder when 9 is divided by t?
0
Let c = 118 + -51. Let w = c - 2. Suppose -x = 2*f - 77, -2*f - x = -4*x - w. Calculate the remainder when f is divided by 13.
11
Suppose -4 = 2*w, -4*h + 4*w + 36 + 104 = 0. Calculate the remainder when h is divided by 13.
7
Let f = 1 - -5. Calculate the remainder when 17 is divided by f.
5
Calculate the remainder when 17 is divided by (-9)/(-45) + 24/5.
2
Let r = 38 - 26. Calculate the remainder when 35 is divided by r.
11
Suppose 5 = u - y, 0 = 3*u - 2*y - 14 - 0. Let p be 16/u*(-6)/4. Calculate the remainder when 1 - p - (1 - 2) is divided by 3.
2
Let s(i) = -i**3 - 3*i**2 - 2*i - 4. Let p be s(-3). Suppose -3*g = p*t - 28, -3*t - 56 = -4*g - t. What is the remainder when 15/(-10)*44/(-3) is divided by g?
10
Suppose -2*d + 0*z - z = -3, -3*z = -d + 12. Calculate the remainder when 4 is divided by d.
1
Suppose -4*t - 3*q + 4 = -3*t, 0 = -4*t - 2*q + 16. Let c = 5 - 7. Let l = t - c. Calculate the remainder when 16 is divided by l.
4
Let r(p) be the third derivative of -p**6/120 + 3*p**5/20 - p**4/4 - 4*p**3/3 - p**2. What is the remainder when r(7) is divided by 25?
23
Let q(h) be the second derivative of 7*h**3/6 + h**2 - h. Let d = 54 - 41. Calculate the remainder when q(5) is divided by d.
11
Let w be 4/(-3)*(2 + -5). Let y(n) = -n**3 + 6*n**2 - 7*n + 6. Let j(q) = q + 2. Calculate the remainder when y(w) is divided by j(4).
4
Let h(c) = -c**2 + 3*c + 4. Let f be h(5). Let k = 9 + f. Calculate the remainder when 7 is divided by k.
1
Suppose l - 48 = -l. Calculate the remainder when 70 is divided by l.
22
Calculate the remainder when 10 is divided by (36/(-90))/((-1)/15).
4
Let f be 7 + 15 + (-2 - 1). Let s = 27 - f. Let k = 2 - -1. What is the remainder when s is divided by k?
2
Suppose 2*d = 2*w + 1 - 29, 4*d - w = -41. Let i = 13 + d. What is the remainder when i is divided by 3?
1
Suppose -4*k = -5*t - 109, -7*t - 133 = -5*k - 4*t. Let n = 2 - -12. Calculate the remainder when k is divided by n.
12
Suppose 82 = 2*l + 4*n, -2*n - 131 = -4*l + n. Suppose 9 = -3*f, f = 4*s + 5*f - 24. What is the remainder when l is divided by s?
8
Suppose -2*y + 32 = 2. Calculate the remainder when 131 is divided by y.
11
Let n(q) = -9*q**2 + q. Let z be n(-1). Let f be (-7)/((-1)/(-1)) + 0. Let a = f - z. Calculate the remainder when 10 is divided by a.
1
Suppose -q + 2 = -4*j, 2*q + j = 4*q + 31. Let a = q - -22. Calculate the remainder when 5 is divided by a.
1
Suppose 29 = 2*m - 3*t, 3*m - 3*t - 1 = -7*t. What is the remainder when 17 is divided by m?
3
Suppose g + 3*j = 5*g - 173, -12 = 4*j. Calculate the remainder when g is divided by 14.
13
Let o = 115 - 81. What is the remainder when o is divided by 11 - (0/2 + -1)?
10
Let z(u) = -2*u**3 - 3*u**2 - u + 2. Let g = 16 - 11. Suppose -w = -g*w + 44. Calculate the remainder when z(-3) is divided by w.
10
Suppose -4*m - 4*b + 10 = -2*m, 0 = -5*m + 4*b + 11. Let r = -1 + 1. Let s = m - r. What is the remainder when 7 is divided by s?
1
Let w(p) = p**2 - 6*p - 1. Let m be w(6). Let t = m + 6. Calculate the remainder when 7 is divided by t.
2
Let a = 0 - -5. Suppose -3 = -a*i + 27. Calculate the remainder when i/3*(-10)/(-4) is divided by 2.
1
Suppose 59 - 23 = 6*t. Suppose 0 = -3*q - 5*g - 4, -2*g + 6 = 3*q + 2*q. What is the remainder when t is divided by q?
0
Let p be 6/33 + 72/(-33). What is the remainder when 28 is divided by 2 - 2*13/p?
13
Calculate the remainder when 49 is divided by 9 + (3 - 2 - 0).
9
Let x = -20 + 24. What is the remainder when 26 is divided by x?
2
Suppose 3*v - 30 = 51. Calculate the remainder when v is divided by 6.
3
Suppose -4 = 2*j - 4*j. Suppose -2*q - 20 = -3*q. Calculate the remainder when q is divided by (-79)/(-7) - j/7.
9
Suppose 8 = -2*n - m - 7, -4*n + m = 21. Calculate the remainder when 16 is divided by 4/6 - 50/n.
7
Let a(p) = p**2 + p + 10. What is the remainder when a(7) is divided by 17?
15
Let i(x) be the second derivative of 3*x**4/4 - x**3/2 - x. Let t(v) = v**3 - 4*v**2 - 3*v + 6. What is the remainder when i(2) is divided by t(5)?
14
Let s(p) = p - 7. Let l be s(-5). Let f = l - -27. Calculate the remainder when f is divided by 6.
3
Let l = -2 - -1. What is the remainder when (-2)/(-8) - (-597)/12 is divided by 5/((-15)/(-48)) - l?
16
Let y = 26 + -17. Calculate the remainder when y is divided by 6.
3
Let i = 19 - 9. Let x be 2/6 - (-98)/3. Let m = x - -5. Calculate the remainder when m is divided by i.
8
Let c(j) = -3*j**3 - j**2 - j + 1. Let y be c(-2). Let w = y + -4. Calculate the remainder when 75 is divided by w.
18
Let v(p) = 3*p**2 - 2*p + 2. Suppose 2*o = -5*r + 20, 0*o = r + o - 7. What is the remainder when 18 is divided by v(r)?
8
Let l(u) = u - 1. Let g(q) = 2*q - 3. Let a be g(0). Calculate the remainder when l(6) is divided by 2 + -1 + (-1 - a).
2
Let t(j) = j**2 + 52. Let v be t(0). Suppose 2*k = -u - 4*u + 37, -5*k - 56 = -4*u. Calculate the remainder when (v/10)/((-2)/(-10)) is divided by u.
8
Let g(h) = 82*h**2 - 3*h - 1. Calculate the remainder when g(-1) is divided by 17.
16
Suppose 2*z + 138 = 5*z. What is the remainder when z is divided by 12?
10
Let j(x) = -2*x**3 - 7*x**2 - 4*x + 6. What is the remainder when 149 is divided by j(-4)?
35
Let p(x) = -x**3 + 7*x**2 - 7*x + 5. Let j be p(6). What is the remainder when 7 is divided by j + 4 + 1 + -1?
1
Suppose 5*g = g + 40. Let h(r) = 2*r**2 + 5*r - 5. What is the remainder when h(-6) is divided by g?
7
Suppose 5*p - 5*c = 4*p + 15, 2*c + 6 = 0. Suppose p = 4*l - l - 6. What is the remainder when 1*(11 + 2 + l) is divided by 4?
3
Let y be 3/(1/4*2). Let n = 10 + y. Calculate the remainder when 46 is divided by n.
14
What is the remainder when (-2)/9 - 562/(-18) is divided by (-6 + (-340)/(-30))/(2/3)?
7
Suppose 0 = 5*a + n + 35, 4*a + 2*n = -0*a - 28. Suppose -2*t + 30 = 5*p - 6*p, 3*p = -4*t + 50. Let f = t + a. What is the remainder when 13 is divided by f?
6
Let d = -103 - -132. What is the remainder when d is divided by 16?
13
Let t = -15 + 24. Calculate the remainder when t is divided by 3.
0
What is the remainder when 8/3*(-408)/(-32) is divided by -3 - -2 - 26/(-2)?
10
Let u = -282 + 400. What is the remainder when u is divided by 24?
22
Let d(x) = 13*x - 1. Calculate the remainder when (23 - 1)*(-4 - 33/(-6)) is divided by d(1).
9
Let j = 50 - 16. Suppose 0 = -4*d + 93 + 179. Suppose d = 5*x + 8. What is the remainder when j is divided by x?
10
Suppose 0 = -5*w - 39 + 154. Let b = 35 - w. Calculate the remainder when 22 is divided by b.
10
Suppose -13 + 108 = 5*k - c, -2*c - 82 = -4*k. Calculate the remainder when 34 is divided by k.
16
Suppose 0 = 8*o - 89 - 39. Calculate the remainder when o is divided by 10.
6
Suppose 0 = 5*t - 15 - 15. Suppose -84 = -5*q + 21. Calculate the remainder when q is divided by t.
3
Let k(u) = -3*u + 6. Let w be k(3). What is the remainder when 2 is divided by (-2)/(-1) - (3 + w)?
0
Let o = 12 - 8. Let d = o + 38. What is the remainder when d is divided by 21 - (-4 - (-2)/((-4)/(-6)))?
20
Let p(v) = -13*v - 13. What is the remainder when 73 is divided by p(-4)?
34
Let o(k) = 2*k + 3. Let j be o(-5). Let a(x) = -2*x - 10. Let u be a(j). Suppose -u*l - 2 + 14 = 0. Calculate the remainder when 4 is divided by l.
1
Suppose 0 = -3*y - 0*y + 2*s - 62, 5*y + 3*s + 78 = 0. What is the remainder when 9 is divided by (y/(-10))/((-9)/(-30))?
3
Suppose 3*h - k = -0*k + 275, 3*h - 3*k - 285 = 0. Suppose -2*t - 2*v = -h, 0 = 2*v - 3*v + 3. Let x = 1 + 14. Calculate the remainder when t is divided by x.
12
Let s be 6*12/8 + -4. What is the remainder when 23 is divided by 38/s + (-4)/(-10)?
7
Suppose -109 = -7*i + 24. What is the remainder when i is divided by 11?
8
Let y be (-12)/(-2*(-1)/(-2)). Suppose 2*l - 6*l + 5*u + 12 = 0, -4*l + y = 3*u. Suppose -s + 5 = -3